3
Let s(i) = -4*i - 4. Let w be 15/(-5) + -2 + 34. Suppose 3*j - w = -38. Let z be s(j). Calculate the greatest common divisor of 72 and z.
8
Suppose 5*h - 195 = i - 5*i, 3*h - 54 = -i. Suppose 2*r - 3*a - 573 = 696, -5*r - 3*a + 3141 = 0. Calculate the greatest common divisor of i and r.
45
Let b be (-12*(0 - 18))/(2 + -1). Let h = 225 - 198. Calculate the highest common factor of b and h.
27
Suppose -8*b = -24*b + 80. Suppose 810 = 13*i + b*i. Calculate the greatest common factor of i and 35.
5
Let a = -162 - -160. Let v be a/1 + 6 - -6. Let c(b) = b + 9. Let s be c(-4). What is the greatest common divisor of v and s?
5
Suppose -8*w + 12*w + 188 = 0. Let i = -88 - -38. Let r = w - i. Calculate the highest common factor of 18 and r.
3
Let c = 248 + -253. Let x be 69/(10 - 7) + c. What is the greatest common factor of 9 and x?
9
Suppose 35*y - 193*y + 4740 = 0. What is the highest common factor of 5505 and y?
15
Suppose 12 = 86*w - 83*w. Let h = -14 + 16. Calculate the greatest common divisor of h and w.
2
Let p = 13059 - 12933. Let h(t) = -t**2 - t + 18. Let q be h(0). Calculate the greatest common factor of q and p.
18
Let n(p) be the first derivative of 8*p**3/3 + 17*p**2/2 + 2*p - 101. Let c be n(-8). Calculate the highest common factor of c and 18.
18
Let w be ((-3485)/(-2091))/((-5)/(-288)). What is the highest common divisor of w and 33?
3
Let r be 31 + -29 - 99/(-11). Suppose v - 3*v + 1271 = 5*f, 4*f - 1000 = 4*v. Calculate the highest common factor of f and r.
11
Let x be (-11*(-525)/(-770))/(1/(-18)). Calculate the highest common divisor of x and 4023.
27
Suppose -133 = -2*d + 97. Let y be (25/(-75))/(3/909). Let i = y + d. What is the greatest common divisor of 21 and i?
7
Let w = 44 - 104. Let p = -50 - w. Calculate the highest common factor of p and 10.
10
Suppose -12*x = -36 - 0. Suppose -5*w = -x*s + 19, 5*s - 5*w - 37 = -2*w. Suppose -4*n + 60 = n. Calculate the greatest common divisor of s and n.
4
Suppose 69*l - 840 = -36*l. Suppose 5*u + 10 = 0, 3*i + 0*i - 4*u = 140. Calculate the highest common factor of i and l.
4
Let g = 1889 - 1867. Let a(t) = t**2 + 5*t. Let o be a(-7). What is the highest common divisor of o and g?
2
Suppose -43*d + 143052 = 46*d - 76*d. Calculate the highest common factor of 14 and d.
14
Suppose -31335*b - 1764 = -31342*b. Calculate the highest common factor of 12159 and b.
63
Let d be (0 - -6) + 458 + 1. Suppose 47*w - 45 = 44*w. Calculate the greatest common divisor of d and w.
15
Let w(s) = -23*s + 2. Let r be w(-6). Suppose 0 = -13*x - 251*x + 14784. What is the greatest common factor of r and x?
28
Suppose 0 = -16*k + 139 + 73 + 1148. What is the greatest common divisor of 9435 and k?
85
Let q(p) = 6*p + 236. Let x be q(-39). Suppose 4*o = d + 129, 8*d - 7*d - 63 = -x*o. What is the greatest common factor of 128 and o?
32
Let g be 2/7 + (-60)/14. Let d(i) = 5*i**3 - 76*i**2 + 18*i + 7. Let p be d(15). Let c = p - g. What is the greatest common divisor of 14 and c?
14
Let p be (-7)/(-35) + (-79)/(-5). Let y = -12 + p. Suppose 0 = 2*r - y*n - 140, 0 = -4*n + n - 6. What is the highest common divisor of r and 11?
11
Let h = 6449 + -6334. What is the greatest common divisor of 1357 and h?
23
Suppose s - 7970 = -13*s + 3314. Suppose -3*k + 39 = -54. Calculate the highest common factor of k and s.
31
Suppose -j + 71 = 69. Let u be -3 + -2*(-3)/(3/j). Let q(m) = 76*m**3 - 2*m**2 + 3*m - 1. Let g be q(u). Calculate the highest common factor of 38 and g.
38
Suppose 171*z - 55*z - 2535 = 51*z. Let n(o) be the third derivative of -o**4/8 + o**3/3 - o**2. Let a be n(-8). What is the highest common factor of z and a?
13
Let s be 1 - (-10 - -17 - (-288)/(-8)). Let m(x) = -x**3 - x**2 + 75. Let r be m(0). Calculate the highest common divisor of s and r.
15
Let o be ((-64 + -2)*-2)/(28/14). Let z be (1 - 2)*(-10 + -9). Suppose -3*j - z = -g, g + 0*g = -4*j + 26. Calculate the greatest common divisor of g and o.
22
Let q(x) = -x**2 + 26*x + 112. Let w = 16 + 13. Let n be q(w). Calculate the highest common divisor of n and 10.
5
Let d(n) = 35*n**3 - 14*n**2 + 44*n - 132. Let h be d(6). Calculate the highest common factor of 12 and h.
12
Suppose -134 - 154 = 3*m - 2*n, 4*m + 2*n = -384. Let l = -92 - m. What is the highest common divisor of l and 10?
2
Suppose k + 20 = -3*k, -5*u - 4*k = 30. Let a be (1*(0 + u) - 11)*-1. Let m be (32/(-10) + 0)/(a/(-1170)). Calculate the greatest common factor of 36 and m.
36
Let h(c) = -c**3 - 10*c**2 - 10*c + 3. Let l be -1*45/20*4. Let j be h(l). Let t be (-1)/2*3*-12. Calculate the highest common divisor of j and t.
6
Let a = -566 - -602. Let l(o) = 2*o**2 - 2*o + 60. Let p be l(0). Calculate the highest common divisor of p and a.
12
Suppose 4*u - 2*u - 44 = 0. Let p be (-15)/(-6)*(-2992)/(-34). Calculate the greatest common divisor of p and u.
22
Let d(v) = 14*v**3 - 12*v**2 + 5*v - 22. Let k be d(6). What is the highest common factor of 104 and k?
104
Suppose 0 = k + w - 2 + 1, -3*k = -3*w - 33. Let m(t) = 16*t - 22. Let v be m(k). Suppose 0 = -6*x + v - 20. What is the greatest common factor of x and 81?
9
Suppose -369*r - 38192 = -383*r. What is the highest common divisor of r and 132?
44
Let k = -32814 - -32832. Let i(l) = l**3 - 6*l**2 + l - 4. Let o be i(6). What is the highest common divisor of o and k?
2
Suppose 5*y + 20*v - 410 = 15*v, -5*v = -y + 46. Calculate the highest common divisor of 6156 and y.
76
Suppose -69 - 31 = -4*i + 4*u, 2*i = u + 54. Let t be 5/(15/6) - 1 - i. Let l = -16 - t. What is the highest common divisor of 108 and l?
12
Let m be (-3)/(-6)*(-48 + 3396). What is the greatest common divisor of m and 126?
18
Suppose 363*c - 46376 = -11*c. Let b be 8/3*(-18)/(-12). What is the highest common factor of c and b?
4
Let l(d) = d**2 + 64*d - 975. Let w be l(14). What is the highest common factor of w and 9?
9
Let y = -95 + 68. Let i = 41 + y. Suppose 26 - i = 3*x. Calculate the highest common factor of x and 2.
2
Suppose -2*l - 399 = -3*l - q, 2*q = 2*l - 834. What is the greatest common factor of l and 24?
24
Let q be ((-9)/243*-9)/(1/24). Suppose -10*x = -q*x - 68. Calculate the highest common factor of x and 272.
34
Let g = -8 + 28. Let t be ((-69)/(-12))/(5/g). Let x be ((-2)/(-12) - (-5)/15)*184. What is the greatest common factor of x and t?
23
Let b = 57 + -14. Suppose 4*h = h - 4*z + b, -109 = -4*h + 5*z. Let u = 25 - h. Calculate the highest common factor of 1 and u.
1
Let n = -7083 - -17373. Suppose -12*p = 23*p - n. What is the highest common factor of 6 and p?
6
Let f be (-6123)/(-15) - 3 - 1/5. Let v be f/(-11) - 18/99. Let o = -34 - v. What is the highest common factor of o and 1?
1
Suppose 11*h - 2312 = 9*h - 4*r, 5*r - 4612 = -4*h. Calculate the highest common divisor of h and 224.
28
Suppose -681 + 651 = -3*i. Suppose -5*b + o = -19, 2*b = -b + 2*o + i. What is the greatest common factor of 212 and b?
4
Let j(d) = -2*d**3 + 3*d**2 + 2*d + 1. Let y be j(-2). Let l(f) = 4*f + 26. Let k be l(6). What is the highest common divisor of k and y?
25
Suppose -p - 3*w = -5*p + 572, 424 = 3*p - w. Let r(q) = 244*q**2 + q + 2. Let l be r(-1). What is the greatest common divisor of l and p?
35
Let c be -44*(-7)/(-21)*-123. Calculate the highest common factor of c and 779.
41
Suppose 0 = -43*v + 18*v + 4950. Let k = -17 - -61. Calculate the greatest common factor of v and k.
22
Suppose -27*g + 78*g = 3790 + 545. Suppose -24 = -r - 7. Calculate the greatest common divisor of g and r.
17
Let s(h) = -7*h**3 - 34*h**2 - 282*h + 166. Let l be s(-11). What is the greatest common divisor of 43 and l?
43
Let l be (4 + ((-12)/9 - 2))*12. Let p(n) = -n**3 + 8*n**2 + 16. Let x be p(l). Let w = -4 - -8. Calculate the greatest common factor of x and w.
4
Suppose -117*q + 64*q + 75*q - 220 = 0. What is the highest common divisor of 162 and q?
2
Suppose 0 = -3*l - 19 + 4, 0 = -4*w + l + 705. What is the greatest common factor of w and 245?
35
Let d(k) = k**3 - 14*k**2 - 83*k + 91. Let n be d(24). What is the highest common divisor of n and 17?
17
Suppose 3*q - 6 = l - 2, 4*q + 13 = 3*l. Let w be 2/l + (-9779)/(-121). What is the greatest common divisor of w and 27?
27
Suppose 4*p - q - 132 = 0, 36*q - 99 = -3*p + 32*q. Calculate the greatest common divisor of